prime factors of 6801973?
359, 18947
List the prime factors of 367221.
3, 109, 1123
List the prime factors of 2974459.
2974459
List the prime factors of 260977.
499, 523
List the prime factors of 4949052.
2, 3, 61, 6761
List the prime factors of 260133.
3, 86711
List the prime factors of 18468001.
17, 1086353
What are the prime factors of 3228604?
2, 807151
List the prime factors of 915552.
2, 3, 11, 17
List the prime factors of 759998.
2, 379999
What are the prime factors of 2058479?
17, 19, 6373
What are the prime factors of 849505?
5, 23, 83, 89
List the prime factors of 830131.
830131
What are the prime factors of 11226334?
2, 7, 727, 1103
What are the prime factors of 224396?
2, 56099
What are the prime factors of 506667?
3, 7, 23, 1049
List the prime factors of 739445.
5, 7, 37, 571
What are the prime factors of 521163?
3, 79, 733
What are the prime factors of 38123?
67, 569
List the prime factors of 11239098.
2, 3, 13, 89, 1619
What are the prime factors of 49288?
2, 61, 101
What are the prime factors of 1225472?
2, 4787
What are the prime factors of 230938?
2, 115469
What are the prime factors of 303501?
3, 11, 17, 541
List the prime factors of 38865.
3, 5, 2591
List the prime factors of 318226.
2, 159113
What are the prime factors of 21769662?
2, 3, 29, 125113
List the prime factors of 3853203.
3, 17, 75553
What are the prime factors of 212826?
2, 3, 79, 449
What are the prime factors of 16303807?
13, 53, 23663
List the prime factors of 162610.
2, 5, 7, 23, 101
What are the prime factors of 6064784?
2, 11, 17, 2027
What are the prime factors of 40316?
2, 10079
List the prime factors of 740192.
2, 23131
What are the prime factors of 200607?
3, 11, 6079
List the prime factors of 5847.
3, 1949
List the prime factors of 15806528.
2, 31, 257
List the prime factors of 379629.
3, 42181
What are the prime factors of 754042?
2, 377021
List the prime factors of 558076.
2, 17, 29, 283
List the prime factors of 195208.
2, 13, 1877
List the prime factors of 53288.
2, 6661
What are the prime factors of 252971?
252971
List the prime factors of 5933698.
2, 349, 8501
List the prime factors of 754155.
3, 5, 16759
List the prime factors of 6389405.
5, 11, 59, 179
What are the prime factors of 19550753?
19, 271, 3797
List the prime factors of 3732311.
11, 311, 1091
What are the prime factors of 1370955?
3, 5, 91397
List the prime factors of 133155.
3, 5, 11, 269
List the prime factors of 12380986.
2, 751, 8243
What are the prime factors of 2129735?
5, 251, 1697
What are the prime factors of 204943?
29, 37, 191
What are the prime factors of 163923?
3, 101, 541
List the prime factors of 505954.
2, 17, 23, 647
List the prime factors of 4271028.
2, 3, 157, 2267
What are the prime factors of 374988?
2, 3, 31249
List the prime factors of 91836.
2, 3, 2551
What are the prime factors of 726234?
2, 3, 121039
What are the prime factors of 1423439?
1423439
List the prime factors of 9938881.
19, 631, 829
List the prime factors of 2427462.
2, 3, 44953
What are the prime factors of 1687932?
2, 3, 15629
List the prime factors of 7516214.
2, 3758107
List the prime factors of 14618066.
2, 263, 27791
What are the prime factors of 36673789?
673, 54493
What are the prime factors of 1889441?
1889441
What are the prime factors of 6929435?
5, 1385887
What are the prime factors of 1639906?
2, 547, 1499
What are the prime factors of 144241?
144241
What are the prime factors of 1496805?
3, 5, 99787
What are the prime factors of 1403353?
7, 433, 463
What are the prime factors of 2614804?
2, 17, 38453
List the prime factors of 4863395.
5, 972679
List the prime factors of 9600367.
7, 53, 113, 229
List the prime factors of 31983.
3, 7, 1523
What are the prime factors of 821189?
41, 20029
List the prime factors of 4813444.
2, 1203361
What are the prime factors of 14482996?
2, 11, 101, 3259
List the prime factors of 542478.
2, 3, 23, 3931
List the prime factors of 646305.
3, 5, 11, 3917
List the prime factors of 2556795.
3, 5, 23, 7411
List the prime factors of 251754.
2, 3, 41959
What are the prime factors of 37068303?
3, 12356101
List the prime factors of 17497450.
2, 5, 349949
List the prime factors of 17067590.
2, 5, 53, 32203
List the prime factors of 11022427.
13, 751, 1129
What are the prime factors of 189493?
189493
List the prime factors of 9726776.
2, 1215847
What are the prime factors of 165478?
2, 17, 31, 157
List the prime factors of 195282.
2, 3, 19, 571
List the prime factors of 3668986.
2, 313, 5861
What are the prime factors of 337829?
293, 1153
What are the prime factors of 1648465?
5, 7, 13, 3623
What are the prime factors of 1518833?
113, 13441
What are the prime factors of 607801?
17, 35753
What are the prime factors of 101303?
17, 59, 101
What are the prime factors of 245537?
19, 12923
List the prime factors of 402566.
2, 31, 43, 151
List the prime factors of 5317225.
5, 53, 4013
What are the prime factors of 5796646?
2, 521, 5563
What are the prime factors of 29668716?
2, 3, 7, 11, 139
List the prime factors of 2608930.
2, 5, 260893
What are the prime factors of 1720107?
3, 191123
List the prime factors of 1258245.
3, 5, 27961
List the prime factors of 2539792.
2, 181, 877
List the prime factors of 198168.
2, 3, 23, 359
List the prime factors of 114759.
3, 41, 311
List the prime factors of 268370.
2, 5, 47, 571
List the prime factors of 520533.
3, 13, 1483
List the prime factors of 4759080.
2, 3, 5, 39659
What are the prime factors of 431211?
3, 11, 73, 179
What are the prime factors of 12876548?
2, 17, 189361
What are the prime factors of 3530987?
467, 7561
What are the prime factors of 786770?
2, 5, 29, 2713
What are the prime factors of 1183584?
2, 3, 12329
What are the prime factors of 120429?
3, 13381
What are the prime factors of 6656293?
7, 139, 6841
What are the prime factors of 56877?
3, 18959
What are the prime factors of 500264?
2, 62533
List the prime factors of 18848.
2, 19, 31
List the prime factors of 67995.
3, 5, 1511
List the prime factors of 20707911.
3, 7, 41, 8017
What are the prime factors of 127869?
3, 7, 6089
What are the prime factors of 1079626?
2, 71, 7603
What are the prime factors of 1195948?
2, 13, 109, 211
What are the prime factors of 134789?
134789
What are the prime factors of 4398124?
2, 857, 1283
List the prime factors of 475497.
3, 11, 1601
List the prime factors of 771185.
5, 89, 1733
List the prime factors of 12845336.
2, 7, 17, 103, 131
List the prime factors of 123362.
2, 61681
What are the prime factors of 529987?
529987
List the prime factors of 204916.
2, 51229
List the prime factors of 6379153.
11, 307, 1889
List the prime factors of 659030.
2, 5, 59, 1117
List the prime factors of 125897.
125897
What are the prime factors of 6669559?
13, 17, 103, 293
List the prime factors of 21345.
3, 5, 1423
List the prime factors of 5063156.
2, 7, 211, 857
List the prime factors of 12060294.
2, 3, 47, 42767
List the prime factors of 380258.
2, 190129
What are the prime factors of 862511?
13, 66347
What are the prime factors of 1073142?
2, 3, 7, 17, 167
List the prime factors of 6206920.
2, 5, 19, 8167
List the prime factors of 8807425.
5, 11, 32027
List the prime factors of 136778.
2, 68389
What are the prime factors of 888499?
888499
List the prime factors of 988555.
5, 197711
What are the prime factors of 692617?
431, 1607
List the prime factors of 90887.
90887
List the prime factors of 111815.
5, 11, 19, 107
What are the prime factors of 2181543?
3, 7, 13, 61, 131
What are the prime factors of 126286?
2, 233, 271
List the prime factors of 4339701.
3, 482189
What are the prime factors of 11802173?
19, 32693
What are the prime factors of 804393?
3, 139, 643
What are the prime factors of 2590287?
3, 7, 67, 263
List the prime factors of 2694242.
2, 137, 9833
What are the prime factors of 4179990?
2, 3, 5, 139333
What are the prime factors of 3098901?
3, 13, 181, 439
List the prime factors of 239543.
239543
What are the prime factors of 12579130?
2, 5, 571, 2203
What are the prime factors of 58199?
58199
What are the prime factors of 4110198?
2, 3, 43, 89, 179
List the prime factors of 11409747.
3, 19, 200171
List the prime factors of 6033664.
2, 7, 13, 37
List the prime factors of 2743864.
2, 29, 11827
What are the prime factors